hat is the remainder when b is divided by 14?
11
Let u(h) = -h + 2. What is the remainder when u(-5) is divided by 32/28*7/2?
3
Suppose -5*u + 75 = z, u = -6*z + z + 39. What is the remainder when 27 is divided by u?
13
Let w = 0 - 0. Suppose w = l - 2 - 2. Let q = -429 - -442. Calculate the remainder when q is divided by l.
1
Suppose -5*w - j = -39, 2*w - 6*w - 3*j = -40. Let c(k) = k**3 - 14*k**2 - 15*k + 3. What is the remainder when w is divided by c(15)?
1
What is the remainder when 152 is divided by 44 + 20/(-9 + 5)?
35
Suppose 3*a - 24 - 30 = 0. Calculate the remainder when 71 is divided by a.
17
Let x(f) = 8*f**2 - f + 5. Let t(z) = -39*z**2 + 5*z - 26. Let h(m) = 2*t(m) + 11*x(m). What is the remainder when h(2) is divided by 14?
13
Let b be -2 + (1 - 1)/(-2). Suppose f - 6 = -1. What is the remainder when (b - (1 - 11))/1 is divided by f?
3
Suppose 0 = 5*m + 5*o - 40, -1 = 3*m - o - 5. Let d be (-1 - -1)/(-3) + m. Let x(s) = 4*s**2 + 2*s - 1. What is the remainder when x(d) is divided by 14?
13
Let x = 85 + -44. What is the remainder when 121 is divided by x?
39
Let l(u) = u**2 - u. Let k(t) = t**2 + 3*t + 10. Let j be k(13). Calculate the remainder when j/10 + (-6)/(-30) is divided by l(4).
10
Let z(w) be the second derivative of w**4/12 + 5*w**3/6 - 9*w**2/2 - 2*w. Let b be (7/2)/(1/(-2)). Calculate the remainder when z(b) is divided by 3.
2
Let z(v) = -2*v**2 + 5*v - 2. Let o be z(4). Let f = o + 33. Calculate the remainder when 54 is divided by f.
16
Calculate the remainder when 29 is divided by (5 + -1)*(-4 - -6).
5
Suppose d + 25 = 3*r, 3*d + 0*d - 51 = -5*r. Calculate the remainder when (2/4)/((-3)/(-144)) is divided by r.
6
Suppose d = 4*d - 165. What is the remainder when d is divided by 28?
27
Let t(h) = 4*h + 1. Suppose -3*q = 3*a - 2*a + 7, q + 9 = a. Calculate the remainder when 3*(304/(-6))/q is divided by t(3).
12
Suppose 3*q - 12 = -4*n, 2*q = 3*n - 2*q - 34. Suppose -65 = -3*h + 4*i - 25, 4*h + 5*i = 74. Calculate the remainder when h is divided by n.
4
Suppose -2*d - 3 = -9. Suppose -5*u + 63 = 48. Calculate the remainder when d is divided by u.
0
Let c = 5 - 3. Suppose -c*r + 70 - 8 = 0. Let g(p) = -p + 1. Calculate the remainder when r is divided by g(-7).
7
Suppose 12 = -3*v + 3*d, -3*v + v = -4*d + 16. Suppose v*x - 86 = -5*n + x, 0 = 2*n + 5*x - 29. What is the remainder when n is divided by 6?
5
Let a = 41 + -30. What is the remainder when 185 is divided by a?
9
Let o(p) be the second derivative of p**5/40 - p**4/6 + p**3/3 - p. Let k(y) be the second derivative of o(y). What is the remainder when 14 is divided by k(4)?
6
Suppose 0 = -4*x + x - 12. Let q = x + 5. Suppose 4*j - 9 + 0 = -m, 0 = -4*m - 4*j + 12. Calculate the remainder when m is divided by q.
0
What is the remainder when (-32)/(-8) - (-4)/(-2) is divided by 1?
0
Let w(j) = -5*j - 1. Let d be w(1). What is the remainder when 1*(24 + 1)/1 is divided by ((-26)/6)/(2/d)?
12
Let d(m) = -5*m - 1. Let j be d(-1). Suppose -14 = -2*z + j. What is the remainder when 24 is divided by z?
6
Calculate the remainder when 8/(48/30) + 67 is divided by 40.
32
Let h = -13 - -24. Calculate the remainder when 47 is divided by (-3 + h)/(1/3).
23
What is the remainder when ((-40)/60)/(2/(-177)) is divided by 20?
19
Let b be -2 - 37/((-2)/(-2)). Let k = 67 + b. What is the remainder when k is divided by ((-45)/12)/(1/(-4))?
13
Let r be -3*4/(-3)*5. Suppose 3*g = -g + r. Suppose 0 = 4*z - g - 15. Calculate the remainder when 13 is divided by z.
3
Let q(y) be the third derivative of 3*y**4/4 + y**3/3 - 2*y**2. Let z be q(3). Let n = z + -24. What is the remainder when n is divided by 11?
10
Let f(z) = z**2 + z + 1. Let h(o) = 4*o**2 - 4*o - 2. Let g(w) = -3*f(w) + h(w). Suppose 8*d - 3*d - 35 = 0. Calculate the remainder when g(9) is divided by d.
6
Let g(h) = h - 3 + 4 + 7*h. Calculate the remainder when 66 is divided by g(2).
15
Suppose 10*t - 140 = -0. What is the remainder when 52 is divided by t?
10
Let z(r) = -r**2 + 8*r + 1. Calculate the remainder when 22 is divided by z(7).
6
Let i = -55 + 79. Calculate the remainder when 64 is divided by i.
16
Suppose 5*t + 10 = -5. Calculate the remainder when t*(-8)/(-12) + 32 is divided by 11.
8
Suppose -2 = 2*v, 21 = -5*w + 3*v - 11. Let d = -4 - w. What is the remainder when (86/(-4))/(d/(-6)) is divided by 15?
13
What is the remainder when 163/11 - 2/(-11) is divided by 4?
3
Suppose 0 = -5*z - 4*t + 115, -4*t + 92 = 4*z + t. What is the remainder when z is divided by 5?
3
Let x = 37 - 25. Suppose 0 = -l, 3*j + 3 = 4*l + x. What is the remainder when j is divided by 2?
1
Let x(m) = -m**2 - 9*m - 12. Let v be x(-8). Let f(c) = 2*c**2 - c - 5. What is the remainder when 92 is divided by f(v)?
30
Let n be 4/(-18) - (-94)/18. Suppose -2*m + 40 = n*u + 2*m, 5*m = 2*u - 49. What is the remainder when 22 is divided by u?
10
Suppose -72 = -2*r + 8. Suppose 4*p - 8*p = -84. What is the remainder when r is divided by p?
19
Let m(g) = g + 1. Let s(o) = -2*o - 3. Let n(a) = -4*m(a) - s(a). What is the remainder when 10 is divided by n(-2)?
1
What is the remainder when 0/(-5) + (1 - -16) is divided by 5?
2
Let o(d) = d**3 - 6*d**2 - 3*d - 15. What is the remainder when 48 is divided by o(7)?
9
Suppose 2*b = -2*b - 4*s + 68, 2*s = 4*b - 44. Calculate the remainder when 49 is divided by b.
10
Let y(i) = -i**2 + 12*i. Calculate the remainder when y(9) is divided by 14.
13
Suppose 3*y - z - 75 = -21, 0 = y - 3*z - 18. Calculate the remainder when 52 is divided by y.
16
Suppose 1 = r - 18. Calculate the remainder when r is divided by 2*(14/4)/1.
5
Let c be (-57)/(-4) - (-1)/(-4). What is the remainder when 10 is divided by (-4)/c - 60/(-14)?
2
Let p(n) = n**3 - 6*n**2 + 10*n - 5. Let o be p(4). Suppose -23 = -4*g + o*g. Calculate the remainder when g is divided by 6.
5
Let i = -6 + 7. Suppose -5*p = -4*u + 4, 0 = -4*u + p + 3*p + 4. Calculate the remainder when u is divided by (0 - i)/((-2)/2).
0
Let v(x) = -x. Let n be v(-1). Suppose -n = -2*h + 3. Suppose -h*u + 0 = -2. Calculate the remainder when 1 is divided by u.
0
What is the remainder when (-1 + 3)/1 - -101 is divided by 13?
12
Suppose 0 = -2*k + 3*n + 34, 0 = 5*k - k + 3*n - 86. What is the remainder when k is divided by 11?
9
Let i(m) = m + 9. Suppose v = -v - 8. What is the remainder when 9 is divided by i(v)?
4
Let v(b) = -3*b. Let q be ((-31)/(-3))/((-2)/6). Let a = q - -57. What is the remainder when a is divided by v(-3)?
8
Let m(w) = -3*w - 6. Let z(n) = n + 1. Let f(d) = -m(d) - 5*z(d). Calculate the remainder when 2/11 - (-912)/66 is divided by f(-2).
4
Calculate the remainder when 21*(0 - 1/(-3)) is divided by 2.
1
Let k(f) = -6*f**3 - 3*f**2 - 3*f + 1. Calculate the remainder when k(-2) is divided by 15.
13
Let z(n) be the second derivative of n**4/12 - 5*n**3/6 - 9*n**2/2 - 3*n. Let p be z(7). Suppose p = 2*i - 1. Calculate the remainder when i is divided by 2.
1
Suppose 0 = -0*h - 6*h + 90. What is the remainder when 119 is divided by h?
14
Let q = 10 - 1. Let l(m) = -m**2 + 5*m. Let c be l(5). Suppose 4*a - 13 - 91 = c. Calculate the remainder when a is divided by q.
8
Let l = -2 - -4. Suppose -9 = -l*z + 5. Let h(r) = r**2 - 6*r - 4. Calculate the remainder when 8 is divided by h(z).
2
Suppose -n + 1 = -2. Suppose -n*z = 2*g - 53, g - 7 = 2*z - 33. Calculate the remainder when 28 is divided by z.
13
Let o(m) be the second derivative of 3*m**5/20 - m**4/4 + 5*m**3/6 - 2*m**2 + 7*m. Calculate the remainder when o(3) is divided by 22.
21
What is the remainder when 82*(-1 - 3/(-2)) is divided by 14?
13
Let c(u) = -u + 13. Let q be c(10). Suppose 8 + 19 = q*d. Calculate the remainder when 34 is divided by d.
7
Let j(l) = 3*l - 22. Calculate the remainder when j(16) is divided by 15.
11
Let l(s) = s - 3. Suppose 5*b - 4*i + 24 = 0, -3*b - 23 = -2*i - 9. Let h = b - -7. Calculate the remainder when l(6) is divided by h.
0
Suppose 4*h - 5*n = 41, -2*h + 3*n - n = -18. Let v = -2 + h. Calculate the remainder when 16 is divided by 1 - -1*10 - v.
7
What is the remainder when 26 is divided by ((-147)/(-28))/((-9)/(-12))?
5
Suppose -5*p - i = 3*i - 68, 3*p + 3*i = 42. Calculate the remainder when p is divided by 5.
2
Suppose -5*p + 16 = -4. Suppose -p = -0*d - d. Suppose -5*s